j + 14. Let v be n(-6). Suppose 0 = -5*q + 25, 35 = 2*m + v*q - 7*q. Calculate the greatest common factor of 150 and m.
30
Suppose -o - 4 + 16 = 0. Let m be ((-30)/3)/(o/(-150)). Calculate the highest common factor of m and 25.
25
Let t = 38 - 3. Calculate the greatest common factor of 5 and t.
5
Suppose 3*i - 11 = -2*h, -5*i + 27 = 5*h + 7. Suppose -i*s = s + 12. Let k be 9/((27/(-6))/s). Calculate the greatest common divisor of 12 and k.
6
Suppose -29 - 11 = -4*a. Calculate the greatest common divisor of 10 and a.
10
Suppose -2*u + 71 = -57. What is the highest common factor of u and 16?
16
Let y be 41 - ((-12)/1)/4. Calculate the highest common divisor of 11 and y.
11
Let b(v) = -v**3 + 13*v**2 - 12*v + 2. Let d be b(12). Suppose -d*f + 32 = 2*a, -5*a + 3*f + 0*f = -80. Calculate the greatest common factor of a and 40.
8
Suppose 3*p = 7*p - 4. Let m be (p/1)/1 - -319. Suppose m = 4*u - 296. Calculate the greatest common factor of u and 14.
14
Suppose -4*l + 4*x - 5*x + 92 = 0, -3*x = 3*l - 60. Calculate the greatest common factor of l and 84.
12
Let r be -4 + 2 - (3 + -41). Let p = -8 + r. Calculate the greatest common divisor of p and 4.
4
Let m = 2 - -5. Suppose -m*i + 2*i = -25. Calculate the greatest common divisor of 10 and i.
5
Let f = 7 + -2. Suppose -50 = -f*m + 5. What is the highest common factor of 99 and m?
11
Let a be ((-39)/(-13))/(3/88). Calculate the highest common factor of a and 22.
22
Let w(l) = l**3 + 7*l**2 - 11*l - 3. Let p = 0 - 8. Let s be w(p). Let v be ((-9)/2)/(s/(-56)). Calculate the highest common factor of 24 and v.
12
Suppose -2*u - 3*u = 20. Let q = 14 + u. Suppose -16 = -3*k + 2*r + 57, -k + 3*r + 22 = 0. Calculate the greatest common divisor of k and q.
5
Let p(s) = s**2 + 14*s + 15. Let k be p(-13). Calculate the greatest common divisor of 16 and k.
2
Let a be 15*(1 + 6/(-9)). Suppose d = a*d + 316. Let i be d/(-11) + 8/(-44). What is the greatest common factor of i and 7?
7
Let n = -1 + 5. Suppose x + n - 24 = 0. Suppose x = -2*s + 7*s. What is the greatest common factor of s and 1?
1
Let y(k) = 5*k**2 - 15*k + 8. Let c(i) = 4*i**2 - 14*i + 9. Let u(l) = -4*c(l) + 3*y(l). Let p be u(8). What is the greatest common divisor of 12 and p?
12
Suppose 6*i - i = 520. Calculate the greatest common factor of i and 13.
13
Let z(k) = 56*k - 7. Let l be z(7). What is the greatest common divisor of 35 and l?
35
Let w = 13 + -8. Let y(r) = r**2 - 5*r + 1. Let m be y(7). Calculate the highest common divisor of m and w.
5
Suppose -3*x = -3, -4*y + 0*x - 2*x + 58 = 0. Suppose -7*h = -3*h - 8. Calculate the highest common divisor of h and y.
2
Let k(x) = -6*x + 4. Let r be k(-3). Let q be 2 - (-51 + 2 + -4). Calculate the greatest common divisor of q and r.
11
Let u(d) = -d**2 - 6*d - 4. Let n be u(-5). Let l = n - -4. Calculate the highest common divisor of l and 45.
5
Suppose 59*u - 43*u = 160. Suppose 4*c + 169 = 5*b - 1, 5*b - 2*c = 160. Calculate the highest common factor of u and b.
10
Suppose 8 + 4 = 3*i. What is the highest common factor of i and 6?
2
Suppose -c - 300 = -6*c. Suppose -31 = -v - 0*x - 4*x, -5*v - x + c = 0. Let t = -3 + v. What is the highest common factor of t and 2?
2
Let u(d) = -2*d**3 - 2*d - 1. Let h be u(-1). Let v be (-4 + h)/(3/(-12)). Suppose -3*y = -0*y - 12. What is the highest common factor of v and y?
4
Suppose 0*k + 30 = 5*k + 4*i, -3*k = -4*i - 18. Let f(v) = -6*v**2 + 0*v**2 + 5*v**2 + 10*v - 7. Let q be f(k). What is the highest common factor of 136 and q?
17
Let x = -93 - -110. What is the greatest common divisor of 119 and x?
17
Let n(i) = i**3 - 3*i**2 + 4*i + 7. Let z be n(3). Calculate the highest common factor of 19 and z.
19
Let r = -164 - -290. Suppose -19 + 121 = 2*l. Suppose -2*j + 18 = -m - m, -4*j + l = -m. What is the greatest common factor of r and j?
14
Let q = -18 + 96. Calculate the greatest common factor of 39 and q.
39
Let j = 67 + -17. Let t be (-73)/(-1) - 2*(2 - 3). Calculate the highest common factor of j and t.
25
Let v(o) = -3*o + 31. Let a be v(-6). What is the greatest common divisor of a and 7?
7
Suppose -2*x - 4 = 4*h + 4, -3*x + 5*h - 12 = 0. Let l = x - -19. Calculate the greatest common divisor of 5 and l.
5
Let n = 38 + -12. What is the greatest common divisor of n and 39?
13
Let s = 89 - 62. What is the highest common factor of 18 and s?
9
Let m be -2 + (52/4 - -4). Calculate the greatest common divisor of m and 15.
15
Let z be (-24)/(0 - -2 - 3). Suppose m + s - 8 = 4, -2*m = s - z. What is the highest common divisor of m and 18?
6
Suppose 4*r - r = 4*g - 311, -5*g + 2*r + 387 = 0. What is the highest common divisor of 44 and g?
11
Suppose -30 = 3*t - 9. Let i = t + 29. What is the greatest common divisor of 2 and i?
2
Let x be (-12)/8*(-30)/9. Calculate the greatest common divisor of 25 and x.
5
Let o be (-5 + 13)*47/2. Suppose 0 = 5*d - 5*a + 122 + 163, -2*d + 4*a = 124. Let i = o + d. Calculate the greatest common divisor of 17 and i.
17
Suppose 5*w = -2*r + 42, -2*w + 75 = 5*r + 3*w. Calculate the highest common divisor of 77 and r.
11
Let c = -3 + 6. Suppose 0 = -5*f + 4*l + 36, 4*l = -2*f + f - 12. Suppose 5 = -5*h - 4*z, -2*h + c*z = -f*h - 9. What is the greatest common factor of h and 12?
3
Let l be 50/6 - 4/(-6). Let a be 16/6*(-27)/(-2). What is the greatest common divisor of l and a?
9
Suppose -w = -p - 4*w, -5*p + 11 = 4*w. Suppose 4*f + p + 1 = -4*u, 5*u = f + 13. Calculate the greatest common factor of u and 4.
2
Let r(k) be the second derivative of k**5/10 + k**2/2 + 2*k. Let b be r(1). Suppose -4*c + 2 = -b*c. What is the greatest common divisor of 5 and c?
1
Let h(n) = n**2 + n + 9. Let f(j) = -j - 1. Let q be f(-9). Let s be h(q). Calculate the greatest common divisor of s and 9.
9
Suppose -14 = j - 34. Calculate the greatest common divisor of j and 180.
20
Let k(d) = -d**3 - 5*d**2 - 8*d + 9. Let n be k(-4). What is the greatest common divisor of 200 and n?
25
Suppose -b = -6*b + 540. Let f = b - 61. Let j = f + -9. Calculate the highest common factor of 95 and j.
19
Let q be (8/(-2))/1 - -26. Calculate the highest common divisor of 44 and q.
22
Let y(f) = -5*f - 2. Let o be y(-4). Suppose 3*g = -0*r - 3*r + o, 2*r - g = 12. Let v = -2 - -6. Calculate the greatest common factor of v and r.
2
Suppose -3*y + 3 = -3*h, 45 = -5*h - 4*y + y. Let v = 19 - h. Suppose -239 - 577 = -3*w - 3*g, -g + 1097 = 4*w. Calculate the greatest common factor of w and v.
25
Let p(x) = -2*x**3 - 5*x**2 + 2*x. Let t be p(-4). Calculate the highest common divisor of t and 8.
8
Let p(n) = -14*n - 6. Let i be p(-2). What is the greatest common factor of i and 11?
11
Suppose -4*a + 2*k = 4*k - 382, 2*a = -2*k + 190. Calculate the highest common divisor of 12 and a.
12
Suppose -4*q + 3 = 5*l, -4*q + 7 + 0 = l. Suppose -q*s + 82 = 4*c, -86 = -3*c + s - 17. Calculate the greatest common divisor of 154 and c.
22
Suppose 285 = 5*v - 2*v. What is the highest common factor of v and 38?
19
Let t = 1 + -1. Let g(f) = t*f - 3*f - 3*f. Let m be g(-6). What is the greatest common factor of 4 and m?
4
Let s = -43 + 59. Suppose -3*c + k = -11, -3*c + c - 3*k = 11. What is the greatest common factor of c and s?
2
Suppose 2*h + 66 = -3*t + 7*t, -68 = -4*t + 4*h. Let b(l) = -58*l + 2. Let x be b(-3). Calculate the highest common factor of t and x.
16
Let y be (0 - 1)/(1/(-1)). Let w(j) = -j**2 - j + 5. Let x(i) = -i + 7. Let b be x(7). Let m be w(b). Calculate the highest common divisor of m and y.
1
Suppose -5*o + 3*u + 207 = 0, -2*o + u + u + 86 = 0. Calculate the greatest common divisor of o and 13.
13
Let a be 3 - 0 - (12 + -14). What is the highest common factor of a and 20?
5
Let h(u) be the second derivative of u**3/2 + u**2/2 - 4*u. Let r be h(1). Calculate the highest common divisor of r and 8.
4
Let d = 2 + -2. Let i be d + 6 + 18/6. Calculate the greatest common factor of i and 27.
9
Let m = -318 + 453. Let x = 18 + -8. Suppose 0 = 4*r - 2*g - 50, g + x = -0*r + r. What is the highest common divisor of r and m?
15
Let a be (0 - 0)/(-5 + 3). Suppose -4*f + 90 = 3*y - a*y, -4*y = 3*f - 64. Calculate the highest common divisor of 12 and f.
12
Let x = 33 + -17. Let k be 50/4*32/5. What is the highest common divisor of x and k?
16
Let a = 51 + -30. What is the h